divided by 23.
22
What is the remainder when 20533 is divided by 163?
158
What is the remainder when 92411 is divided by 154?
11
What is the remainder when 18263 is divided by 844?
539
Calculate the remainder when 12388 is divided by 99.
13
What is the remainder when 68496 is divided by 22832?
0
What is the remainder when 539 is divided by 533?
6
What is the remainder when 1557993 is divided by 1276?
1273
Calculate the remainder when 13051 is divided by 252.
199
What is the remainder when 56491 is divided by 116?
115
What is the remainder when 2660 is divided by 452?
400
Calculate the remainder when 12204 is divided by 4054.
42
What is the remainder when 92066 is divided by 3533?
208
Calculate the remainder when 25181 is divided by 1195.
86
Calculate the remainder when 9871 is divided by 1093.
34
What is the remainder when 12876 is divided by 863?
794
What is the remainder when 9608 is divided by 32?
8
What is the remainder when 6155 is divided by 6143?
12
Calculate the remainder when 40544 is divided by 6755.
14
What is the remainder when 15226 is divided by 3796?
42
What is the remainder when 23169 is divided by 3633?
1371
What is the remainder when 6324 is divided by 22?
10
What is the remainder when 9827 is divided by 9816?
11
What is the remainder when 979 is divided by 204?
163
Calculate the remainder when 4073 is divided by 37.
3
Calculate the remainder when 8915 is divided by 444.
35
Calculate the remainder when 89860 is divided by 262.
256
What is the remainder when 372413 is divided by 22?
19
What is the remainder when 2567 is divided by 639?
11
What is the remainder when 94003 is divided by 215?
48
Calculate the remainder when 574373 is divided by 25.
23
What is the remainder when 726189 is divided by 123?
120
Calculate the remainder when 106683 is divided by 401.
17
What is the remainder when 1482 is divided by 316?
218
Calculate the remainder when 216 is divided by 61.
33
Calculate the remainder when 91247 is divided by 18.
5
Calculate the remainder when 90932 is divided by 38.
36
What is the remainder when 929 is divided by 67?
58
Calculate the remainder when 6135 is divided by 136.
15
Calculate the remainder when 5066 is divided by 159.
137
Calculate the remainder when 358094 is divided by 1239.
23
What is the remainder when 8054 is divided by 130?
124
Calculate the remainder when 15918 is divided by 15908.
10
What is the remainder when 33 is divided by 5?
3
What is the remainder when 1030 is divided by 248?
38
What is the remainder when 2650964 is divided by 465?
464
What is the remainder when 74381 is divided by 138?
137
Calculate the remainder when 84042 is divided by 316.
302
What is the remainder when 410045 is divided by 2370?
35
What is the remainder when 4281 is divided by 238?
235
Calculate the remainder when 13396 is divided by 74.
2
Calculate the remainder when 65227 is divided by 16306.
3
Calculate the remainder when 14656 is divided by 698.
696
What is the remainder when 115040 is divided by 38340?
20
Calculate the remainder when 2000976 is divided by 119.
110
What is the remainder when 21774 is divided by 17?
14
Calculate the remainder when 22413 is divided by 59.
52
What is the remainder when 24775 is divided by 18?
7
Calculate the remainder when 39465 is divided by 39.
36
What is the remainder when 194077 is divided by 81?
1
What is the remainder when 11231 is divided by 87?
8
What is the remainder when 11438 is divided by 110?
108
Calculate the remainder when 788 is divided by 159.
152
Calculate the remainder when 137165 is divided by 9138.
95
What is the remainder when 4279 is divided by 839?
84
Calculate the remainder when 850 is divided by 148.
110
Calculate the remainder when 12626 is divided by 701.
8
What is the remainder when 649798 is divided by 722?
720
Calculate the remainder when 155888 is divided by 5375.
13
Calculate the remainder when 6500 is divided by 1082.
8
Calculate the remainder when 5184 is divided by 95.
54
Calculate the remainder when 4827 is divided by 1539.
210
What is the remainder when 783 is divided by 738?
45
What is the remainder when 5943 is divided by 239?
207
What is the remainder when 19483 is divided by 267?
259
What is the remainder when 90400 is divided by 84?
16
What is the remainder when 486771 is divided by 36?
15
What is the remainder when 1733 is divided by 4?
1
What is the remainder when 325698 is divided by 1180?
18
What is the remainder when 114538 is divided by 12726?
4
Calculate the remainder when 616 is divided by 9.
4
Calculate the remainder when 25468 is divided by 6367.
0
What is the remainder when 12410 is divided by 85?
0
What is the remainder when 1940533 is divided by 70?
63
Calculate the remainder when 12457 is divided by 11773.
684
Calculate the remainder when 11781 is divided by 540.
441
What is the remainder when 168088 is divided by 41?
29
Calculate the remainder when 4442 is divided by 81.
68
Calculate the remainder when 8937 is divided by 2234.
1
What is the remainder when 931 is divided by 495?
436
What is the remainder when 1126378 is divided by 79?
75
Calculate the remainder when 225345 is divided by 20485.
10
Calculate the remainder when 53487 is divided by 229.
130
Calculate the remainder when 6779 is divided by 424.
419
What is the remainder when 154418 is divided by 28?
26
What is the remainder when 37111 is divided by 130?
61
What is the remainder when 7079 is divided by 202?
9
Calculate the remainder when 192659 is divided by 380.
379
What is the remainder when 432903 is divided by 935?
933
What is the remainder when 18893 is divided by 135?
128
Calculate the remainder when 4215 is divided by 37.
34
What is the remainder when 1118 is divided by 308?
194
Calculate the remainder when 151895 is divided by 151858.
37
Calculate the remainder when 15858 is divided by 1963.
154
Calculate the remainder when 69937 is divided by 19.
17
What is the remainder when 125739 is divided by 1429?
1416
What is the remainder when 47534 is divided by 529?
453
Calculate the remainder when 299594 is divided by 64.
10
What is the remainder when 34320 is divided by 28?
20
Calculate the remainder when 4812 is divided by 127.
113
Calculate the remainder when 7428 is divided by 1536.
1284
What is the remainder when 1965 is divided by 438?
213
What is the remainder when 57871 is divided by 463?
459
Calculate the remainder when 546607 is divided by 202.
197
What is the remainder when 6643 is divided by 3084?
475
What is the remainder when 12404 is divided by 1384?
1332
What is the remainder when 112758 is divided by 33?
30
Calculate the remainder when 6974 is divided by 35.
9
What is the remainder when 69663 is divided by 60?
3
Calculate the remainder when 42872 is divided by 579.
26
Calculate the remainder when 8330 is divided by 77.
14
What is the remainder when 12433 is divided by 173?
150
Calculate the remainder when 11034 is divided by 25.
9
Calculate the remainder when 1065506 is divided by 1391.
0
Calculate the remainder when 3596 is divided by 3354.
242
What is the remainder when 177372 is divided by 20?
12
Calculate the remainder when 107455 is divided by 199.
194
Calculate the remainder when 9709 is divided by 1061.
160
Calculate the remainder when 95462 is divided by 65.
42
Calculate the remainder when 84636 is divided by 40.
36
Calculate the remainder when 977 is divided by 115.
57
Calculate the remainder when 14298 is divided by 1785.
18
Calculate the remainder when 167275 is divided by 155.
30
Calculate the remainder when 1964 is divided by 87.
50
Calculate the remainder when 40655 is divided by 66.
65
What is the remainder when 16958 is divided by 499?
491
Calculate the remainder when 123595 is divided by 61795.
5
Calculate the remainder when 540172 is divided by 390.
22
What is the remainder when 14450 is divided by 361?
10
Calculate the remainder when 5502 is divided by 274.
22
What is the remainder when 184639 is divided by 796?
763
Calculate the remainder when 247486 is divided by 48.
46
Calculate the remainder when 893 is divided by 15.
8
Calculate the remainder when 1106 is divided by 283.
257
What is the remainder when 1064 is divided by 246?
80
What is the remainder when 7489 is divided by 3742?
5
Calculate the remainder when 5879 is divided by